 = 2*l - 3*l - 11, 0 = 5*l - h - 25. Suppose -l*r = -6*r + 46. List the prime factors of r.
23
Let w(l) = 3*l + 2. Suppose 5*a + 3*r = 11, -4*a + 8*a = -4*r + 4. What are the prime factors of w(a)?
2, 7
Let a = -6 + -1. Let w(z) = -2*z + 1. What are the prime factors of w(a)?
3, 5
Let r = -16 + 24. Suppose 0 = -d - d + r. List the prime factors of d.
2
Let n(v) be the second derivative of v**3 + 2*v**2 + 2*v. Let h be n(-4). List the prime factors of (6/5)/((-3)/h).
2
Suppose -10*r + 14*r = 116. What are the prime factors of r?
29
Suppose 82 = 5*v + w, v - 2*v + 2 = 5*w. Suppose -4*d = v - 37. What are the prime factors of d?
5
Let i = 20 + -14. Suppose 0 = -5*f - 4*c + 10, 0 = f - 5*c - 2 - 0. Suppose -n = f*n - i. List the prime factors of n.
2
Suppose -4*f + 16 = -6*f. Let t(r) = -3*r**2 - 2 - 2*r + 4 - r**3 - 5*r**2. What are the prime factors of t(f)?
2, 3
Let q(l) = l**3 + l**2 - 3*l + 3. What are the prime factors of q(2)?
3
Suppose 5*r + 7 - 59 = -u, 3*r = -4*u + 123. Let m be 6/((-3)/(u/(-2))). Suppose 0 = 4*c - c - m. What are the prime factors of c?
3
Suppose -2*d - z - 9 = -3, 5*d - 3*z = -4. Let w be ((-6)/3)/(d/(-5)). Let r = 13 + w. What are the prime factors of r?
2
Let s(d) = 46*d - 12. What are the prime factors of s(4)?
2, 43
Let l be 3/(-6) + 7/2. Let r = 7 - l. List the prime factors of r.
2
Let q be 27/5 - 4/10. Let y = 13 - q. What are the prime factors of y?
2
What are the prime factors of (-2)/((-1)/(-30)*-2)?
2, 3, 5
Suppose 2*f = 4 - 16. Let q(t) = -t**2 - 11*t - 13. What are the prime factors of q(f)?
17
Let f(x) = x**2 + 5*x - 5. Let a = 5 - 0. Suppose -17 = -a*w - 57. List the prime factors of f(w).
19
What are the prime factors of ((-6)/(-2))/(4 - 3)?
3
Let y(g) = 1 - 5*g - 3 + 5. List the prime factors of y(-4).
23
Let o = 22 + -14. List the prime factors of o.
2
List the prime factors of -1 + -3 - 228/(-2).
2, 5, 11
Let u = -66 - -289. What are the prime factors of u?
223
Let i(w) be the first derivative of -w**3/3 - 5*w**2/2 - 2*w + 2. Let h be i(-2). Suppose -34 = -h*m + 26. What are the prime factors of m?
3, 5
Suppose 2*q - 2 = -5*x - 76, 74 = -2*q - 2*x. Let f = 63 + q. List the prime factors of f.
2, 13
Let s(b) = b**3 + 10*b**2 + 6*b + 8. What are the prime factors of s(-9)?
5, 7
List the prime factors of 1/(198/(-201) + 1).
67
Let t = -63 + 97. List the prime factors of t.
2, 17
Let k(g) be the third derivative of -g**5/30 - g**4/24 - g**3/6 - 3*g**2. Let w be k(-1). What are the prime factors of 0 - w - (-6)/2?
5
Let x = 404 + -234. Let i = x - 119. Suppose 5*z + 2*f = 4*f + 52, 5*z - i = f. List the prime factors of z.
2, 5
Suppose 0*s = -2*o + 3*s + 41, 0 = -5*o + 5*s + 95. List the prime factors of o.
2
Suppose 0 = 4*k - 5*o - 121, -o - 2*o = -k + 25. Suppose 2*m - k - 26 = 0. What are the prime factors of m?
2, 3, 5
Let f(x) = -x**2 + 8*x - 2. Suppose -4*b + y + 3*y + 32 = 0, 2*b = -2*y - 4. What are the prime factors of f(b)?
13
Suppose 5*o + 7 = -4*q + 47, o + q - 9 = 0. Suppose 4*g - 89 = w, o*w = 5*w + 5. What are the prime factors of g?
3, 7
Suppose 4*d + 0 = 224. List the prime factors of d.
2, 7
Suppose p + 0*p + 6 = 3*z, -z = 5*p + 46. List the prime factors of p*(-2 - -3 - 2).
3
Let i = -7 + 25. List the prime factors of i.
2, 3
Let a be (-63)/(-6) + (-2)/(-4). List the prime factors of (a + 1)*5/4.
3, 5
Let q(n) be the third derivative of n**5/60 + 7*n**4/24 + n**3 + 2*n**2. What are the prime factors of q(-7)?
2, 3
Let v = 47 + -28. What are the prime factors of v?
19
Let z(s) = s**3 + 7*s**2 + 8*s + 6. Let y be z(-6). Let j = y - -1. Let t = j + 9. List the prime factors of t.
2
Let f(y) = -5*y. What are the prime factors of f(-6)?
2, 3, 5
Suppose 4*z = -12, 9 = 3*q + 2*q - 3*z. Suppose -4*o + 4 = -q. List the prime factors of o/((0 - 1)/(-10)).
2, 5
Let x = -5 - -6. Let a be 2/x*(-3)/6. Let n = a - -4. What are the prime factors of n?
3
Suppose -9 = -4*w - 41. What are the prime factors of (-16)/(-4) + -1 - w?
11
Suppose 3*d = -2*n - 19 + 2, 6 = -2*d. Let v = -4 - n. Suppose -l + 0 + 11 = v. List the prime factors of l.
11
Let h(p) = p**2 - 3*p + 3. Let y be h(5). Let q = 28 - y. Let k = q + -7. List the prime factors of k.
2
Let s be -3 - -6 - 4/2. Let k = 6 + s. List the prime factors of k.
7
Suppose -183 = -4*l - 83. What are the prime factors of l?
5
Let u = -15 + 26. Let k = u + 1. What are the prime factors of k?
2, 3
Suppose 0 = 3*p + p + 4*o - 272, 0 = -3*o + 15. List the prime factors of p.
3, 7
Suppose -2*b + 3*b = 22. What are the prime factors of b?
2, 11
Suppose -4*c = c + 10. Let r = c - -6. Suppose -r*i + 17 = -3*y, -i + 4*y + 0*y = -1. List the prime factors of i.
5
Let o = 7 + 5. What are the prime factors of o?
2, 3
Suppose b = -b + 6. What are the prime factors of b?
3
Suppose 84 = 2*f + f. List the prime factors of (f/(-16))/(1/(-4)).
7
Let t be -8*3/((-12)/(-5)). Let l be (-2)/t - 12/10. Let i = l + 5. What are the prime factors of i?
2
Let x(h) = -16*h - 54. List the prime factors of x(-14).
2, 5, 17
Let r(j) = -15*j + 3. List the prime factors of r(-6).
3, 31
Let n(u) = u**3 - 4*u**2 - 5*u + 3. Let z be n(5). Suppose 30 = v + 2*k, 5*v - 55 = z*v - 3*k. List the prime factors of v.
2, 5
Let k be 5*(0 + 2 + 3). Suppose -5 = 4*d - k. List the prime factors of d.
5
Let n be (-1)/(-5) + 1/(-5). Suppose -5*p - 9 - 21 = n. Let b(w) = -w**3 - 6*w**2 - 3*w. What are the prime factors of b(p)?
2, 3
Suppose 0 = -k + 5 + 6. Suppose -80 = -5*r + 4*a, -2*r - 5*a = r - k. What are the prime factors of r?
2, 3
Suppose 2*y - 4*p - 20 = 0, -6*y + p + 40 = -2*y. Let a = y + -19. Let r = -5 - a. List the prime factors of r.
2
Let d(p) = -p - 1. Let u be d(-1). Let z be u - (-10 + 1 + 0). Let k = z - 3. What are the prime factors of k?
2, 3
Suppose -2*p = 3 + 1. Suppose u = 3*u + 12. Let k = p - u. What are the prime factors of k?
2
Let t(p) = p**3 + 6*p**2 - p - 1. Let v be t(-6). Let a = -38 - -54. Suppose a = 3*r + 2*j - 3*j, -j = -v. List the prime factors of r.
7
Let s = -8 + 14. List the prime factors of s.
2, 3
Suppose 0 + 76 = d - g, 5*d + 4*g - 344 = 0. Suppose 2*a - d = -0*a. Let z = a - 21. List the prime factors of z.
3, 5
Let f = 45 - 25. What are the prime factors of f?
2, 5
What are the prime factors of 2/(-3)*(-12)/(-8) + 46?
3, 5
Let q be 2/((-3 + 0)/(-3)). Suppose 1 = q*a - 1. List the prime factors of a*3 + 0/(-6).
3
Let l(v) = -2*v**2 + 3*v + 2. Let j be l(4). List the prime factors of j*(2 + (-5)/2).
3
Let g(k) = k**3 - 4*k**2 - 7*k + 5. Let y be g(5). Let v = y - -5. Suppose -4*h + 9*h - 40 = v. What are the prime factors of h?
2
Suppose 65 = -0*w + w. Suppose -6*t = -t, -5*g + t = -w. List the prime factors of g.
13
Let s(g) = 5*g**3 - g**2 + 3*g + 9. Let b(m) = -m**3 - m**2 - m - 1. Let q(i) = -4*b(i) - s(i). Let k be (8/10)/(1/5). What are the prime factors of q(k)?
3, 5
Let w = 251 + -169. What are the prime factors of w?
2, 41
Suppose -4*h + 2*h + 4 = 0. Suppose -3*s = -5*a + h*s + 25, 3*a + 5*s - 47 = 0. List the prime factors of a.
3
Let u(t) = -t**3 + 7*t**2 - 3. Let k = -4 + 7. Let s be u(k). Suppose 5*n + s = 3*v + 2*n, -5*v - 3*n + 39 = 0. List the prime factors of v.
3
Suppose 18 = -4*r - 2*o, r + 4*o + 0*o = -22. List the prime factors of -1 + 6*(-1)/r.
2
Let f(w) = 5*w**3 + 5*w - 16. List the prime factors of f(3).
2, 67
Let n(w) = 6*w**2 - 1. Let h be n(-1). Suppose 7 = -2*f - 7*u + 2*u, h*f - 2*u = 26. Suppose q - f*q = -18. List the prime factors of q.
2, 3
Let w(a) = -a - 4. Let q be w(-7). Suppose 5*p - 9 = 4*z + 53, q*z = 4*p - 49. List the prime factors of ((-8)/p)/((-6)/75).
2, 5
Let u = 52 - 31. List the prime factors of 555/u - (-6)/(-14).
2, 13
Let r be 2/(0 + (-1)/3). Let g = r - -3. Let c(n) = n**3 + 2*n**2 - 5*n - 2. List the prime factors of c(g).
2
Let f(p) = 22*p - 2. List the prime factors of f(3).
2
Let u = -9 - -41. List the prime factors of u.
2
Let r(s) = s**3 + 7*s**2 - s - 6. Let x be r(-7). What are the prime factors of 5*x - (-6 + 3)?
2
Suppose -u - 2*d + 4 = 0, -3*u = d + d - 16. Let o(p) = 2*p - 2. What are the prime factors of o(u)?
2, 5
Let y(s) be the first derivative of -s**4/4 + 3*s**3 - 2*s**2 + s + 6. What are the prime factors of y(8)?
3, 11
Suppose 0 = 4*g - 5*a - 164, -g - 4*a = 4*g - 164. What are the pri